{"id":9781,"date":"2025-01-24T11:48:46","date_gmt":"2025-01-24T11:48:46","guid":{"rendered":"https:\/\/www.lpafilmfestival.com\/mecas?page_id=9781"},"modified":"2025-01-24T11:50:22","modified_gmt":"2025-01-24T11:50:22","slug":"guia-cine-casi-hecho","status":"publish","type":"page","link":"https:\/\/www.lpafilmfestival.com\/mecas?page_id=9781","title":{"rendered":"Gu\u00eda Cine casi Hecho"},"content":{"rendered":"<p><b>REGLAMENTO MECAS CINE CASI HECHO\u00a0<\/b><\/p>\n<p><b>MECAS <\/b><span style=\"font-weight: 400;\">es un espacio de encuentro para cineastas y productores\/as independientes que est\u00e9n haciendo pel\u00edculas de ficci\u00f3n, no ficci\u00f3n, narrativas y no narrativas o con car\u00e1cter experimental, pel\u00edculas con una apuesta personal.\u00a0<\/span><\/p>\n<p><span style=\"font-weight: 400;\">MECAS apuesta por el talento y por la creaci\u00f3n de <\/span><b>un cine que nace sin vocaci\u00f3n comercial<\/b><span style=\"font-weight: 400;\">, propuestas que se alejan de etiquetas, tendencias y convencionalismos, historias con una identidad propia, que conmueven al espectador.\u00a0<\/span><\/p>\n<p><span style=\"font-weight: 400;\">Si crees que tu pr\u00f3xima pel\u00edcula encajar\u00eda en MECAS te invitamos a participar en <\/span><b>MECAS Cine Casi Hecho<\/b><span style=\"font-weight: 400;\">. Tambi\u00e9n puedes echar un vistazo a la selecci\u00f3n de proyectos de nuestras pasadas ediciones.\u00a0<\/span><\/p>\n<p><b>PARA PARTICIPAR EN MECAS CINE CASI HECHO\u00a0<\/b><\/p>\n<p><b>(LEER ANTES DE ENVIAR TU PROPUESTA)\u00a0<\/b><\/p>\n<ul>\n<li><span style=\"font-weight: 400;\">Tu proyecto debe de estar CASI HECHO, esto puede ser, acabas de empezar a editar, tienes un primer corte o un corte final, ya est\u00e1s en fase de postproducci\u00f3n o bien todav\u00eda est\u00e1s en \u00faltimas etapas de filmar.\u00a0<\/span><\/li>\n<li><span style=\"font-weight: 400;\">Para la <\/span><b>primera valoraci\u00f3n <\/b><span style=\"font-weight: 400;\">necesitamos ver un <\/span><b>m\u00ednimo de 15 minutos y m\u00e1ximo 30 minutos de tu pel\u00edcula<\/b><span style=\"font-weight: 400;\">. Si todav\u00eda est\u00e1s en fase de edici\u00f3n, puedes enviarnos un teaser largo o preparar un montaje con uno o varios clips con esa duraci\u00f3n.\u00a0<\/span><\/li>\n<li><span style=\"font-weight: 400;\">Para quienes tengan la edici\u00f3n finalizada o un primer corte completo, <\/span><b>por favor, ind\u00edcalo y a\u00f1ade tambi\u00e9n este enlace<\/b><span style=\"font-weight: 400;\">. Si pre seleccionamos el corte de 30 minutos pasaremos al visionado del corte completo\u00a0<\/span><\/li>\n<li><span style=\"font-weight: 400;\">Durante la celebraci\u00f3n de MECAS solo proyectaremos un corte de aproximadamente 15 minutos (puedes seleccionar una parte de la pel\u00edcula o preparar un clip con varios momentos distintos).\u00a0<\/span><\/li>\n<li><span style=\"font-weight: 400;\">Tu proyecto finalizado deber\u00e1 tener una duraci\u00f3n m\u00ednima de 60 minutos. <\/span><span style=\"font-weight: 400;\">\u25cf <\/span><span style=\"font-weight: 400;\">Puede ser una pel\u00edcula de ficci\u00f3n, no ficci\u00f3n o de lo que transita en medio. <\/span><span style=\"font-weight: 400;\">\u25cf <\/span><span style=\"font-weight: 400;\">Deber\u00e1 ser una producci\u00f3n de Europa y\/o Latinoam\u00e9rica.\u00a0<\/span><\/li>\n<li><span style=\"font-weight: 400;\">Es un requisito que la pel\u00edcula todav\u00eda no cuente con distribuci\u00f3n o con agente de ventas.\u00a0<\/span><\/li>\n<li><span style=\"font-weight: 400;\">Todos los solicitantes deben completar el formulario para proyectos de <\/span><span style=\"font-weight: 400;\">CINE CASI HECHO en: ENTRY ALMOST FINISHED FILMS (enlace a formulario)\u00a0<\/span><\/li>\n<\/ul>\n<p><b>SOBRE LA SELECCI\u00d3N\u00a0<\/b><\/p>\n<ul>\n<li><span style=\"font-weight: 400;\">Los proyectos MECAS 2025 ser\u00e1n seleccionados por un comit\u00e9 conformado por equipo MECAS y asesores externos (as).\u00a0<\/span><\/li>\n<li><span style=\"font-weight: 400;\">El equipo MECAS podr\u00eda solicitar reuniones con los proyectos previa selecci\u00f3n definitiva, as\u00ed como requerir material adicional.<\/span><\/li>\n<li><span style=\"font-weight: 400;\">Se seleccionar\u00e1 para la participaci\u00f3n, un m\u00e1ximo de 10 proyectos. <\/span><span style=\"font-weight: 400;\">\u25cf <\/span><span style=\"font-weight: 400;\">En esta 7\u00aa edici\u00f3n de CINE CASI HECHO, uno de los proyectos participantes ya ha sido invitado a trav\u00e9s de la colaboraci\u00f3n entre MECAS y FICXProSEMILLERU Lab 2024 del Festival Internacional de Cine de Gij\u00f3n.\u00a0<\/span><\/li>\n<li><span style=\"font-weight: 400;\">Uno de los proyectos seleccionados estar\u00e1 dirigido por un autor y\/o una autora de Canarias o bien producido por una productora canaria.\u00a0<\/span><\/li>\n<li><span style=\"font-weight: 400;\">Uno de los proyectos seleccionados ser\u00e1 susceptible de filmarse en Canarias o bien tendr\u00e1 el potencial para ser coproducido por una productora local.\u00a0<\/span><\/li>\n<li><span style=\"font-weight: 400;\">Cada pel\u00edcula seleccionada ser\u00e1 notificada de manera individual y la selecci\u00f3n final se publicar\u00e1 en abril. Esta invitaci\u00f3n oficial llegar\u00e1 solo a los proyectos seleccionados al contacto indicado en el Entry Form.\u00a0<\/span><\/li>\n<li><span style=\"font-weight: 400;\">MECAS se reserva el derecho a invitar a proyectos que considere de inter\u00e9s para esta edici\u00f3n de MECAS Cine Casi Hecho.\u00a0<\/span><\/li>\n<\/ul>\n<p><b>C\u00d3MO FUNCIONA UNA VEZ SELECCIONADO EL PROYECTO\u00a0<\/b><\/p>\n<p><b>INFORMACI\u00d3N SOBRE LA PARTICIPACI\u00d3N\u00a0<\/b><\/p>\n<p><span style=\"font-weight: 400;\">Una vez seleccionado el proyecto y antes del evento, el <\/span><b>equipo de MECAS y el equipo de cada proyecto <\/b><span style=\"font-weight: 400;\">mantendr\u00e1n una <\/span><b>reuni\u00f3n por videoconferencia <\/b><span style=\"font-weight: 400;\">para aclarar dudas y comunicar el funcionamiento de su participaci\u00f3n en MECAS. Esta reuni\u00f3n servir\u00e1 para detallar los puntos a continuaci\u00f3n:\u00a0<\/span><\/p>\n<ul>\n<li><span style=\"font-weight: 400;\">MECAS se har\u00e1 cargo del alojamiento de un m\u00e1ximo de tres (3) noches de hotel y dietas de <\/span><b>una persona representante de cada proyecto<\/b><span style=\"font-weight: 400;\">, preferiblemente el director\/la directora o bien el productor\/ la productora. No obstante, sugerimos a cada proyecto que lo acompa\u00f1e en MECAS m\u00e1s de una persona del equipo.\u00a0<\/span><\/li>\n<li><span style=\"font-weight: 400;\">Para los participantes LATAM, la organizaci\u00f3n podr\u00e1 ofrecer una ayuda para los traslados en avi\u00f3n, pero no puede hacerse cargo de los viajes completamente. Se estudiar\u00e1 cada caso individualmente.\u00a0<\/span><\/li>\n<li><span style=\"font-weight: 400;\">Todos los participantes presentar\u00e1n su proyecto ante los expertos\/as MECAS que ser\u00e1n: representantes de festivales, mercados y laboratorios internacionales, comisariado, empresas productoras y distribuidoras, agencias de ventas y representantes de fondos cinematogr\u00e1ficos.\u00a0<\/span><\/li>\n<li><span style=\"font-weight: 400;\">El <\/span><b>idioma de presentaci\u00f3n de los proyectos ser\u00e1 el ingl\u00e9s<\/b><span style=\"font-weight: 400;\">. MECAS pone a disposici\u00f3n a un\/a traductor\/a para los participantes que lo requieran.<\/span><\/li>\n<li><span style=\"font-weight: 400;\">Las presentaciones se hacen a modo de conversaci\u00f3n ante un p\u00fablico profesional (expertos\/as MECAS), esta conversaci\u00f3n ser\u00e1 entre el equipo de cada proyecto y un\/a moderador\/a de MECAS.\u00a0<\/span><\/li>\n<li><span style=\"font-weight: 400;\">Cada equipo <\/span><b>contar\u00e1 con el mismo tiempo <\/b><span style=\"font-weight: 400;\">para la introducci\u00f3n de su obra, conversaci\u00f3n y posibles preguntas del p\u00fablico.\u00a0<\/span><\/li>\n<li><span style=\"font-weight: 400;\">MECAS preparar\u00e1 una agenda de reuniones. Cada participante tendr\u00e1 la oportunidad de reunirse con los\/as expertos\/as que mejor puedan apoyar su proyecto.\u00a0<\/span><\/li>\n<li><span style=\"font-weight: 400;\">Las personas representantes de los proyectos seleccionados deber\u00e1n asistir a las actividades organizadas por MECAS.\u00a0<\/span><\/li>\n<\/ul>\n<p><b>SOBRE LOS PREMIOS\u00a0<\/b><\/p>\n<ul>\n<li><span style=\"font-weight: 400;\">Premio MECAS Cine Casi Hecho: Un jurado oculto entre los\/as expertos\/as otorgar\u00e1 un premio en met\u00e1lico de 8.000 \u20ac (impuestos incluidos) que puedes emplear en el proceso de finalizaci\u00f3n de la obra.\u00a0<\/span><\/li>\n<\/ul>\n<p><span style=\"font-weight: 400;\">Al finalizar MECAS, los proyectos ganadores deber\u00e1n presentar toda la documentaci\u00f3n administrativa para recibir el pago m\u00e1s un Plan de Gastos del premio en met\u00e1lico.\u00a0<\/span><\/p>\n<p><b>Los siguientes premios ser\u00e1n otorgados por las empresas o laboratorios colaboradores:\u00a0<\/b><\/p>\n<ul>\n<li><span style=\"font-weight: 400;\"> Premio Music Library &amp; SFX: Premio consistente en el acceso a toda la m\u00fasica de los cat\u00e1logos de m\u00fasica de producci\u00f3n que sub-edita la empresa, con descargas ilimitadas para sincronizaci\u00f3n sobre el proyecto ganador. Tambi\u00e9n incluye la sincronizaci\u00f3n de la m\u00fasica de hasta 2 contenidos promocionales del proyecto (<\/span><i><span style=\"font-weight: 400;\">teaser<\/span><\/i><span style=\"font-weight: 400;\">\/tr\u00e1iler). Incluye servicios de valor agregado a trav\u00e9s de la oferta de servicios de nuestra divisi\u00f3n de supervisi\u00f3n musical 360\u00ba Acorde. Premio valorado en 2.000 \u20ac.\u00a0<\/span><\/li>\n<li><span style=\"font-weight: 400;\"> Premio Blackout Films para la creaci\u00f3n del DCP del proyecto, incluye subt\u00edtulos en copia y\/o <\/span><i><span style=\"font-weight: 400;\">version files<\/span><\/i><span style=\"font-weight: 400;\">(la empresa productora ha de facilitar los subt\u00edtulos ya maquetados) para a\u00f1adir el file al DCP y la distribuci\u00f3n por fibra \u00f3ptica durante un a\u00f1o.\u00a0<\/span><\/li>\n<li><span style=\"font-weight: 400;\"> Premio Cinema Pendent de l\u2019Alternativa PRO: consistente en la difusi\u00f3n de un proyecto, materializado en la participaci\u00f3n de ese mismo proyecto en la<\/span><\/li>\n<\/ul>\n<p><span style=\"font-weight: 400;\">edici\u00f3n de Cinema Pendent 2025. Este premio considera tanto los proyectos seleccionados en Cine Casi Hecho como Cine Por Hacer.\u00a0<\/span><\/p>\n<ul>\n<li><b> <\/b><span style=\"font-weight: 400;\">Premio SEMILLERU Lab: consistente en la difusi\u00f3n de un proyecto, materializado en la participaci\u00f3n de ese mismo proyecto en la edici\u00f3n de SEMILLERU 2025. Este premio considera tanto los proyectos seleccionados en Cine Casi Hecho como Cine Por Hacer.\u00a0<\/span><\/li>\n<\/ul>\n<p><b>OTRAS ESPECIFICACIONES SOBRE LOS PREMIOS\u00a0<\/b><\/p>\n<ul>\n<li><span style=\"font-weight: 400;\"> No se otorgan menciones especiales ni premios exaequo.\u00a0<\/span><\/li>\n<\/ul>\n<p><b>RETENCIONES FISCALES SOBRE LOS PREMIOS\u00a0<\/b><\/p>\n<ul>\n<li><span style=\"font-weight: 400;\"> Los premios con econ\u00f3mica ser\u00e1n abonados previa presentaci\u00f3n de una factura con fecha del a\u00f1o de la edici\u00f3n del mercado dotaci\u00f3n y presentada dentro del a\u00f1o natural del mismo. Estos premios estar\u00e1n sujetos a retenciones fiscales de acuerdo a las leyes espa\u00f1olas. Se podr\u00e1 hacer entrega de un certificado de deducci\u00f3n, previa solicitud de la persona interesada.\u00a0<\/span><\/li>\n<li><span style=\"font-weight: 400;\"> En los casos en que estos pagos se efect\u00faen a personas o sociedades extranjeras residentes en un pa\u00eds con tratado de doble imposici\u00f3n con Espa\u00f1a que permitir\u00eda declarar los pagos de premios dinerarios con la deducci\u00f3n correspondiente en el pa\u00eds del receptor, las personas o sociedades extranjeras habr\u00e1n de entregar, junto con la factura, un certificado de residencia fiscal en ese pa\u00eds. En los casos en los que el pa\u00eds de residencia fiscal de la persona o sociedad premiada no tenga tratado de doble imposici\u00f3n que cubra este tipo de pagos, se estar\u00e1 a lo dispuesto en la legislaci\u00f3n espa\u00f1ola sobre retenciones fiscales.\u00a0<\/span><\/li>\n<\/ul>\n<p><b>PREMIOS F\u00cdSICOS\u00a0<\/b><\/p>\n<ul>\n<li><span style=\"font-weight: 400;\"> Todos los premios incluyen la entrega de una placa o diploma, seg\u00fan el caso, al director o directora del proyecto premiado o persona representante del mismo.\u00a0<\/span><\/li>\n<\/ul>\n<p><b>COMPROMISO DE PARTICIPACI\u00d3N\u00a0<\/b><\/p>\n<p><b>AL ACEPTAR LA INVITACI\u00d3N A MECAS<\/b><\/p>\n<ul>\n<li><span style=\"font-weight: 400;\">Los datos e informaci\u00f3n que se incluir\u00e1n en el <\/span><i><span style=\"font-weight: 400;\">Infobook MECAS 2025<\/span><\/i><span style=\"font-weight: 400;\">,<\/span> <span style=\"font-weight: 400;\">disponible para los\/as expertos\/as y participantes del mercado, ser\u00e1n<\/span> <span style=\"font-weight: 400;\">recogidos en la hoja de inscripci\u00f3n, que ha sido completada por cada<\/span> <span style=\"font-weight: 400;\">participante. La veracidad, exactitud y correcci\u00f3n de los datos aportados en<\/span> <span style=\"font-weight: 400;\">espa\u00f1ol e ingl\u00e9s son responsabilidad de los\/as participantes.\u00a0<\/span><\/li>\n<li><span style=\"font-weight: 400;\">Los equipos de los proyectos seleccionados se comprometen a proporcionar a<\/span> <span style=\"font-weight: 400;\">MECAS la informaci\u00f3n complementaria en los plazos requeridos para la<\/span> <span style=\"font-weight: 400;\">elaboraci\u00f3n del Infobook.\u00a0<\/span><\/li>\n<li><span style=\"font-weight: 400;\">Los equipos de los proyectos seleccionados se comprometen a proporcionar a<\/span> <span style=\"font-weight: 400;\">MECAS los archivos de proyecci\u00f3n \u2013 con subt\u00edtulos en ingl\u00e9s si son necesarios<\/span> <span style=\"font-weight: 400;\">&#8211; en los plazos requeridos por el equipo de proyecci\u00f3n y t\u00e9cnica del Festival y<\/span> <span style=\"font-weight: 400;\">MECAS.\u00a0<\/span><\/li>\n<li><b>El nombre y logo de MECAS, Mercado del Cine Casi Hecho \/ Festival<\/b> <b>Internacional de Cine de Las Palmas de Gran Canaria deber\u00e1n<\/b> <b>insertarse en los cr\u00e9ditos de todos los proyectos seleccionados, una<\/b> <b>vez terminados y en el caso de que tu proyecto sea ganador, deber\u00e1<\/b> <b>insertarse en los cr\u00e9ditos iniciales de la pel\u00edcula terminada.\u00a0<\/b><\/li>\n<li><span style=\"font-weight: 400;\">MECAS se reserva el derecho de utilizar las fotograf\u00edas y materiales de<\/span> <span style=\"font-weight: 400;\">promoci\u00f3n de los proyectos y cineastas enviadas por el o la titular que<\/span> <span style=\"font-weight: 400;\">presenta el proyecto a MECAS para su promoci\u00f3n, anuncio en web y redes<\/span> <span style=\"font-weight: 400;\">sociales, tanto de MECAS, como del Festival internacional de Cine de Las<\/span> <span style=\"font-weight: 400;\">Palmas y de otras entidades colaboradoras y patrocinadoras. Asimismo, podr\u00e1<\/span> <span style=\"font-weight: 400;\">utilizar las im\u00e1genes tomadas durante la celebraci\u00f3n del evento para<\/span> <span style=\"font-weight: 400;\">promoci\u00f3n, comunicaci\u00f3n y realizaci\u00f3n del <\/span><i><span style=\"font-weight: 400;\">making-of<\/span><\/i><span style=\"font-weight: 400;\">.\u00a0<\/span><\/li>\n<li><span style=\"font-weight: 400;\">Con el fin de mantener un contacto y seguimiento de cada proyecto y de<\/span> <span style=\"font-weight: 400;\">compartir los \u00e9xitos\/logros que cada uno va sumando, los\/as participantes se<\/span> <span style=\"font-weight: 400;\">comprometen a mantener comunicaci\u00f3n con el equipo de MECAS cuando<\/span> <span style=\"font-weight: 400;\">surjan noticias de las selecciones en festivales y de otros premios obtenidos.<\/span> <span style=\"font-weight: 400;\">De esta manera podremos apoyar y hacer difusi\u00f3n del recorrido de las obras<\/span> <span style=\"font-weight: 400;\">que han pasado por MECAS en nuestras redes sociales.\u00a0<\/span><\/li>\n<li><span style=\"font-weight: 400;\">La inscripci\u00f3n implica la aceptaci\u00f3n de estas bases.\u00a0<\/span><\/li>\n<\/ul>\n<p><b>POR FAVOR TEN EN CUENTA LO SIGUIENTE\u00a0<\/b><\/p>\n<ul>\n<li><b> <\/b><span style=\"font-weight: 400;\">La fecha l\u00edmite para enviar proyectos a esta convocatoria es el d\u00eda 20 de febrero de 2025 a las 23:59h UTC+1.\u00a0<\/span><\/li>\n<li><span style=\"font-weight: 400;\">El equipo MECAS podr\u00eda hacer una preselecci\u00f3n y solicitar reuniones con los proyectos previa selecci\u00f3n definitiva, as\u00ed como requerir material adicional.\u00a0<\/span><\/li>\n<li><span style=\"font-weight: 400;\">El equipo de MECAS es muy peque\u00f1o y no podemos comunicarnos con todos los proyectos inscritos, por tanto, enviaremos la notificaci\u00f3n oficial solo a aquellos proyectos seleccionados.<\/span><\/li>\n<li><b>Si el 31 de marzo no has recibido una comunicaci\u00f3n por nuestra parte quiere decir que tu proyecto NO ha sido seleccionado.\u00a0<\/b><\/li>\n<\/ul>\n<p><b>TRATAMIENTO DE DATOS PERSONALES\u00a0<\/b><\/p>\n<p><span style=\"font-weight: 400;\">Las personas participantes manifiestan bajo su responsabilidad la veracidad de los datos proporcionados en el proceso de inscripci\u00f3n, declarando cumplir con los requisitos establecidos en las bases. La aportaci\u00f3n de datos falsos conlleva la desestimaci\u00f3n de la solicitud de inscripci\u00f3n.\u00a0<\/span><\/p>\n<p><span style=\"font-weight: 400;\">Las personas solicitantes prestan su consentimiento para el tratamiento de los datos proporcionados en el proceso de inscripci\u00f3n a MECAS Cine Por Hacer que ser\u00e1n utilizados para la \u00fanica y exclusiva finalidad de gestionar su participaci\u00f3n en la misma.\u00a0<\/span><\/p>\n<p><span style=\"font-weight: 400;\">Los datos personales recogidos no se comunicar\u00e1n a terceros, salvo obligaci\u00f3n legal y a excepci\u00f3n de los necesarios para gestionar su participaci\u00f3n en la iniciativa.\u00a0<\/span><\/p>\n<p><span style=\"font-weight: 400;\">Las personas solicitantes prestan su consentimiento para recibir comunicaciones por parte de la organizaci\u00f3n a trav\u00e9s de la suscripci\u00f3n a su bolet\u00edn de noticias.\u00a0<\/span><\/p>\n<p><span style=\"font-weight: 400;\">Asimismo, la inscripci\u00f3n y, por consiguiente, la aceptaci\u00f3n de estas bases permiten a Promoci\u00f3n de la Ciudad de Las Palmas de Gran Canaria S.A. la captaci\u00f3n, reproducci\u00f3n y difusi\u00f3n de im\u00e1genes y\/o videos de la persona participante tomados durante la celebraci\u00f3n de MECAS y su posterior reproducci\u00f3n y\/o difusi\u00f3n a trav\u00e9s de cualquier medio de comunicaci\u00f3n del MECAS, el Festival Internacional de Cine las Palmas de Gran Canaria y Promoci\u00f3n de la Ciudad de las Palmas de Gran Canaria S.A, para la totalidad de usos que pueda tener estas y para cualquier aplicaci\u00f3n.\u00a0<\/span><\/p>\n<p><b>JURISDICCI\u00d3N\u00a0<\/b><\/p>\n<p><span style=\"font-weight: 400;\">En caso de no lograrse resoluci\u00f3n amistosa entre las partes de cualquier conflicto que pudiera surgir, las partes se someter\u00e1n a la jurisdicci\u00f3n de los Juzgados y Tribunales de Las Palmas de Gran Canaria, con expresa renuncia a su propio foro<\/span><b>.\u00a0<\/b><\/p>\n<p><b>ACEPTACI\u00d3N DE LAS BASES\u00a0<\/b><\/p>\n<p><span style=\"font-weight: 400;\">La inscripci\u00f3n supone la aceptaci\u00f3n expresa y completa de las presentes bases, siendo competencia de la organizaci\u00f3n la resoluci\u00f3n de cualquier incidencia o conflicto surgido y no contemplado en estas bases, siendo \u00e9sta inapelable.\u00a0<\/span><\/p>\n<p><span style=\"font-weight: 400;\">Promoci\u00f3n de la Ciudad de Las Palmas de Gran Canaria S.A. La entidad organizadora de MECAS, se reserva el derecho a realizar modificaciones sobre las presentes bases o a\u00f1adir anexos sucesivos, que ser\u00e1n comunicados debidamente durante el per\u00edodo que comprende la actual convocatoria.<\/span><\/p>\n<p><b>Para cualquier duda escr\u00edbenos a <\/b><b>mecas@lpafilmfestival.com <\/b><span style=\"font-weight: 400;\">\/ <\/span><b>mecas3@lpafilmfestival.com<\/b><\/p>\n","protected":false},"excerpt":{"rendered":"<p>REGLAMENTO MECAS CINE CASI HECHO\u00a0 MECAS es un espacio de encuentro para cineastas y productores\/as independientes que est\u00e9n haciendo pel\u00edculas de ficci\u00f3n, no ficci\u00f3n, narrativas y no narrativas o con car\u00e1cter experimental, pel\u00edculas con una apuesta personal.\u00a0 MECAS apuesta por el talento y por la creaci\u00f3n de un cine que nace sin vocaci\u00f3n comercial, propuestas que se alejan de etiquetas, &#8230;<\/p>\n","protected":false},"author":1,"featured_media":0,"parent":0,"menu_order":0,"comment_status":"closed","ping_status":"closed","template":"","meta":{"footnotes":""},"class_list":["post-9781","page","type-page","status-publish","hentry","no-post-thumbnail"],"_links":{"self":[{"href":"https:\/\/www.lpafilmfestival.com\/mecas\/index.php?rest_route=\/wp\/v2\/pages\/9781","targetHints":{"allow":["GET"]}}],"collection":[{"href":"https:\/\/www.lpafilmfestival.com\/mecas\/index.php?rest_route=\/wp\/v2\/pages"}],"about":[{"href":"https:\/\/www.lpafilmfestival.com\/mecas\/index.php?rest_route=\/wp\/v2\/types\/page"}],"author":[{"embeddable":true,"href":"https:\/\/www.lpafilmfestival.com\/mecas\/index.php?rest_route=\/wp\/v2\/users\/1"}],"replies":[{"embeddable":true,"href":"https:\/\/www.lpafilmfestival.com\/mecas\/index.php?rest_route=%2Fwp%2Fv2%2Fcomments&post=9781"}],"version-history":[{"count":2,"href":"https:\/\/www.lpafilmfestival.com\/mecas\/index.php?rest_route=\/wp\/v2\/pages\/9781\/revisions"}],"predecessor-version":[{"id":9783,"href":"https:\/\/www.lpafilmfestival.com\/mecas\/index.php?rest_route=\/wp\/v2\/pages\/9781\/revisions\/9783"}],"wp:attachment":[{"href":"https:\/\/www.lpafilmfestival.com\/mecas\/index.php?rest_route=%2Fwp%2Fv2%2Fmedia&parent=9781"}],"curies":[{"name":"wp","href":"https:\/\/api.w.org\/{rel}","templated":true}]}}